late the highest common factor of x and g.
10
Let j be ((-21)/7)/6*-108. Calculate the highest common divisor of 126 and j.
18
Let t(l) = l**2 - 4*l - 1. Let u be t(5). Let z = 9 - u. Suppose 0 = z*y - 4*j - 90, -7*j = -4*y - 2*j + 81. What is the greatest common factor of y and 7?
7
Suppose 5*q - 42 = -5*z - 2, 5*q - 36 = -3*z. Suppose 0 = 2*f + 4*g - 18, 2*f + 5*g + 62 = q*f. Calculate the highest common factor of 13 and f.
13
Suppose 37*y - 42*y = -200. Calculate the highest common divisor of y and 40.
40
Let c = 41 + -17. Suppose -3*y + 46*l + 172 = 44*l, 0 = -y - 4*l + 48. What is the highest common divisor of c and y?
8
Let x = 5 + -3. Let u be -1*x + 2 + 15. Suppose -2*n + z = -56 - 68, -5*n + 304 = -z. What is the highest common factor of n and u?
15
Let c be ((-80)/(-6))/((-1)/(-6)). Suppose -934*p = -918*p - 256. What is the highest common factor of c and p?
16
Let x = -7 + 8. Let r = x + -5. Let l = r - -6. Calculate the greatest common factor of 1 and l.
1
Let d(u) = 18*u - 8. Let h be d(6). Let j = h - 23. Calculate the highest common divisor of 11 and j.
11
Let s(m) = 2*m - 6. Suppose -w - 32 = -5*o, 3*o = -w - 3*w + 10. Let n be s(o). Calculate the highest common divisor of 42 and n.
6
Let u(k) = -k**3 - 6*k**2 + 6*k + 14. Let t be (-1)/((2/(-7))/(-2)). Let d be u(t). Calculate the greatest common factor of d and 3.
3
Let l = 293 + -202. Suppose -49 = -5*z + 4*s, -3*s = -s - 8. Calculate the highest common divisor of z and l.
13
Let t be (1/(14/70))/(2/42). Let p = 2 - -13. Calculate the highest common factor of p and t.
15
Suppose -15*m + 448 = 17*m. What is the greatest common factor of m and 126?
14
Let i = -849 - -1065. Calculate the highest common factor of 6 and i.
6
Let d be (-9)/(-12) + 9/4. Let y = 0 - -6. Suppose -3*h = 4*r - y, 6 = 2*h + r - d. Calculate the highest common divisor of 42 and h.
6
Let j be 14*(0 - -1) - 12/(-6). Suppose 3*l = 3*d + 24, -6*d - 4*l = -d + 31. Let p(o) = -25*o + 1. Let i be p(d). What is the highest common factor of j and i?
16
Let l(v) be the third derivative of -v**6/120 - v**5/12 + 3*v**4/8 - 3*v**3/2 - 12*v**2. Let i be l(-7). Calculate the greatest common divisor of i and 13.
13
Let t be 0*5/(-25) - 70*-1. Calculate the greatest common factor of t and 28.
14
Suppose -2*q = -3*h - 67, 2 = -4*h + 2*h. Suppose -2*t + 2 = -0*t. Suppose 0 = 2*g + 2*w - 4, -g - 3*w - 3 = -t. What is the highest common divisor of g and q?
4
Let w = 363 - 255. Suppose -113 = -t - w. What is the greatest common factor of t and 10?
5
Suppose -25 = 5*u - 80. Let h be 3/12*12 - -19. What is the greatest common factor of h and u?
11
Suppose -143 = -23*o + 225. Calculate the greatest common factor of o and 5008.
16
Suppose x - 47 = 37. Suppose 18*a = -4*o + 17*a + 836, -2*o + 5*a + 440 = 0. Calculate the highest common divisor of o and x.
42
Let x be 0 + ((-4)/(-3))/((-168)/(-378)). Calculate the highest common divisor of 27 and x.
3
Let m be (-183)/(-12) + 6/8. Suppose 4*u - 302 = -2*q - 104, -q + 3 = 0. Calculate the greatest common divisor of u and m.
16
Let j = -51 + 95. What is the highest common divisor of 792 and j?
44
Let m(i) be the second derivative of -i**4/12 + i**3/2 + 4*i**2 + 7*i. Let n be m(12). Let d = n - -204. Calculate the highest common factor of d and 13.
13
Suppose -310 = -5*w + 5*t, 0 = -4*w - 3*t + 151 + 118. Calculate the highest common divisor of 10 and w.
5
Let z be (14*3/84)/(2/116). What is the greatest common divisor of 261 and z?
29
Let o(f) = 54*f - 478. Let y be o(9). Calculate the highest common factor of y and 34.
2
Let u = 540 - 288. What is the greatest common factor of 108 and u?
36
Let o = 1729 - 1170. Calculate the greatest common factor of o and 43.
43
Suppose -7*f + 550 - 144 = 0. Calculate the greatest common factor of f and 2.
2
Let f = 17 + -70. Let s = -43 - f. Suppose -w + 38 = r, 47 = 3*r - 3*w - 79. Calculate the greatest common divisor of s and r.
10
Let o be (-1)/4 + 102/24. Suppose 5*h + 57 - 417 = 0. Suppose -i = 2*w - 172, w = 2*w + o*i - h. What is the greatest common factor of w and 8?
8
Let k = 9 - 1. Suppose -52 - 304 = -5*t + h, 0 = 3*t - 2*h - 208. Calculate the highest common divisor of k and t.
8
Let h be -20*(14/(-4) + 2). Suppose -g = -5*f - 22, 58*g - 62*g = 5*f - 38. Calculate the highest common factor of g and h.
6
Suppose 0*u - 3*k + 14 = u, 5*u = 5*k + 70. Let i = 34 - u. Let x(p) = -p + 3. Let f be x(-2). What is the greatest common factor of f and i?
5
Let k(m) = m**2 + 5*m + 7. Let z be k(-4). Let p be -4 + z - -37 - 4. Calculate the highest common factor of 80 and p.
16
Suppose -84 = -3*d - 21. Let l = -7 + d. Let a be -7 + (-18 - -35 - (-6 + 2)). Calculate the greatest common factor of a and l.
14
Let l(m) = 3*m**3 + m - 1. Let h be l(1). Suppose 0 = w + 4*w - 80. Let n = w - 13. Calculate the highest common factor of n and h.
3
Let q = -87 + 149. Let i(w) = 8*w**3 - 6*w**2 + 3*w - 16. Let h be i(3). Calculate the highest common factor of q and h.
31
Suppose 0 = 3*u + 2*u + 15. Let w be -13*-2*u/(-6). Calculate the greatest common divisor of 65 and w.
13
Let o be 5*(52/20 + -2). Let r(d) = d - 1. Let g be r(o). Suppose -g*p + 3*p = 12. Calculate the highest common factor of 6 and p.
6
Let s = -21 + 57. Let d = s + 0. What is the greatest common divisor of d and 27?
9
Suppose s + 646 = 698. What is the greatest common divisor of 234 and s?
26
Suppose -16*v = -12*v - 644. What is the greatest common factor of v and 7?
7
Let j = -18 - -18. Suppose -5*w + 4*a = -1100, j = 3*w - 3*a - 347 - 310. Suppose -26 = 3*z - w. What is the highest common factor of z and 33?
33
Suppose j + 60 = a + 4*j, -5*a = j - 356. Let u = 20 - 11. Calculate the highest common factor of a and u.
9
Let r(z) = 5*z**2 + 5*z - 5. Let d be r(-5). Suppose n + 2*q - 80 = 0, n - 4*q = -9*q + d. What is the greatest common divisor of 14 and n?
14
Let d(v) = 15*v + 40. Let y be d(5). What is the highest common factor of y and 92?
23
Suppose -5*j + j = 8. Let k be ((-1)/(-2))/(j/(-4)). Calculate the greatest common divisor of 2 and k.
1
Let r = 71 - 42. Let b = 65 - r. Suppose 33 = v - 21. Calculate the greatest common factor of v and b.
18
Suppose 847*d = 858*d - 14322. Calculate the highest common divisor of 28 and d.
14
Let o(t) be the second derivative of t**4/12 - t**3/2 + 6*t**2 - 13*t. Let w be o(5). Calculate the highest common factor of w and 2.
2
Let w = 143 - 117. What is the highest common divisor of w and 26?
26
Let h(g) = -g**2 + 4*g - 14. Let s be h(7). Let q = s - -61. Calculate the greatest common divisor of 13 and q.
13
Let p(a) = -a**2 + 25*a + 44. Let t be p(23). What is the greatest common divisor of t and 180?
90
Suppose -44*q + 141 = -3115. What is the highest common divisor of q and 222?
74
Suppose -2*i + k + 33 = 0, 2*i = -3*k - 0 + 13. Suppose 0*m - 341 = -3*m + 4*l, 5*l = -10. Let d = 15 + m. Calculate the highest common divisor of i and d.
14
Suppose -186*f + 18320 = 272*f. Suppose -2*t + 0*t = 4, 398 = 5*g + t. Calculate the highest common factor of g and f.
40
Suppose -4*o = -8*x + 6*x + 18, -5*o = 5*x - 45. What is the highest common divisor of 6 and x?
3
Let j be 3/(105/19855) - (-4)/(-14). Calculate the highest common factor of j and 27.
27
Let r be (-8)/(8/(-135)) + 5. Calculate the highest common factor of r and 20.
20
Suppose 4*h = 311 + 109. Suppose -f - 3*l = -21, 0 = 5*f - 7*l + 2*l - 65. What is the greatest common factor of h and f?
15
Suppose m = -3*m + 220. Suppose 3*a + 42 = 3*b, -b - 5*a - 26 = -2*b. Calculate the greatest common factor of b and m.
11
Suppose 304 = 4*h + 88. Suppose 5*n = -3*b + 2*n + h, -2*n + 66 = 4*b. Let j = 537 - 534. Calculate the greatest common divisor of j and b.
3
Suppose -l + 2*l = 3. Suppose -6*z = -5*y - 2*z, 0 = -l*y + 5*z. Suppose y = 4*q - 3*q - 36. What is the greatest common factor of q and 9?
9
Suppose 4*u + u = 5*t - 75, -2*t - 6 = 0. Suppose 3*d - 51 = -2*m, 0*m - 77 = -3*m - 4*d. Let z = u + m. Calculate the highest common divisor of z and 45.
9
Let w be (-454)/(-6) - 22/33. Let f = 364 - 334. Calculate the highest common divisor of f and w.
15
Let x be 0 + (8 - 4 - 7). Let i be (-3 - x - 5)*-2. Suppose -81 - 19 = -2*m. Calculate the greatest common divisor of m and i.
10
Suppose -4*m + 78 = -